{"id":14,"date":"2013-09-08T12:42:32","date_gmt":"2013-09-08T10:42:32","guid":{"rendered":"http:\/\/puech.info\/michel\/blog\/?page_id=14"},"modified":"2022-11-21T19:09:51","modified_gmt":"2022-11-21T18:09:51","slug":"pressbook","status":"publish","type":"page","link":"http:\/\/puech.info\/michel\/blog\/pressbook\/","title":{"rendered":"Pressbook"},"content":{"rendered":"<p>Mai 2018 : <a href=\"http:\/\/puech.info\/michel\/blog\/2018\/05\/12\/mai-68-a-beaussier-apres-la-revolution-la-plage\/\">Mai 68 \u00e0 Beaussier : Apr\u00e8s la r\u00e9volution, la plage\u00a0<\/a>in <a href=\"https:\/\/www.leseynois.fr\/mai-68-a-beaussier-apres-la-revolution-la-plage-2\/\" target=\"_blank\" rel=\"noopener\">Le Seynois<\/a>, journal de la Ville de La Seyne-sur-mer<\/p>\n<p style=\"color: #333333; font-family: Georgia, 'Times New Roman', 'Bitstream Charter', Times, serif; font-size: 13px; font-style: normal; font-variant: normal; font-weight: normal; letter-spacing: normal; line-height: 19px; orphans: 2; text-align: start; text-indent: 0px; text-transform: none; white-space: normal; widows: 2; word-spacing: 0px; -webkit-text-size-adjust: auto; -webkit-text-stroke-width: 0px;\">Septembre 2013: <a href=\"http:\/\/puech.info\/michel\/blog\/2013\/10\/29\/nouvel-element-a-charges-dans-laffaire-sygma-corbis\/\"><strong>Nouvel \u00e9l\u00e9ment \u00e0 charge dans l&rsquo;affaire Corbis-Sygma\u00a0 <\/strong><\/a>in article de Claire Guillot \/ Le Monde<\/p>\n<hr style=\"cursor: default; color: #333333; font-family: Georgia, 'Times New Roman', 'Bitstream Charter', Times, serif; font-size: 13px; font-style: normal; font-variant: normal; font-weight: normal; letter-spacing: normal; line-height: 19px; orphans: 2; text-align: start; text-indent: 0px; text-transform: none; white-space: normal; widows: 2; word-spacing: 0px; -webkit-text-size-adjust: auto; -webkit-text-stroke-width: 0px;\" \/>\n<p style=\"color: #333333; font-family: Georgia, 'Times New Roman', 'Bitstream Charter', Times, serif; font-size: 13px; font-style: normal; font-variant: normal; font-weight: normal; letter-spacing: normal; line-height: 19px; orphans: 2; text-align: start; text-indent: 0px; text-transform: none; white-space: normal; widows: 2; word-spacing: 0px; -webkit-text-size-adjust: auto; -webkit-text-stroke-width: 0px;\">Juin 2009: <a href=\"http:\/\/puech.info\/michel\/blog\/2009\/07\/07\/le-parcours-dun-photojournaliste-malvoyant\/\" target=\"_blank\" rel=\"noopener\"><strong>Le parcours d\u2019un photojournaliste\u00a0 malvoyant.\u00a0<\/strong><\/a>Profil de Michel Puech dans \u00ab\u00a0<a href=\"http:\/\/forum.nikonpassion.com\/index.php?topic=19270.msg271731\" target=\"_blank\" rel=\"noopener\">Le monde de la photo<\/a>\u00a0\u00bb par Gilles Klein<\/p>\n<p style=\"color: #333333; font-family: Georgia, 'Times New Roman', 'Bitstream Charter', Times, serif; font-size: 13px; font-style: normal; font-variant: normal; font-weight: normal; letter-spacing: normal; line-height: 19px; orphans: 2; text-align: start; text-indent: 0px; text-transform: none; white-space: normal; widows: 2; word-spacing: 0px; -webkit-text-size-adjust: auto; -webkit-text-stroke-width: 0px;\">Juillet\u00a0 2003: <strong>\u00ab\u00a0<a href=\"http:\/\/puech.info\/michel\/blog\/2003\/07\/07\/lhomme-a-la-canne-jaune\/\" target=\"_blank\" rel=\"noopener\">L&rsquo;homme \u00e0 la canne jaune<\/a>.\u00a0\u00bb \u00a0<\/strong><br \/>\nMichel Puech r\u00e9pond aux questions de Laura Barsetti du \u00ab\u00a0Journal de l&rsquo;Ile de la R\u00e9union\u00a0\u00bb (JIR) a propos de son m\u00e9tier et de son handicap.<\/p>\n<hr style=\"cursor: default; color: #333333; font-family: Georgia, 'Times New Roman', 'Bitstream Charter', Times, serif; font-size: 13px; font-style: normal; font-variant: normal; font-weight: normal; letter-spacing: normal; line-height: 19px; orphans: 2; text-align: start; text-indent: 0px; text-transform: none; white-space: normal; widows: 2; word-spacing: 0px; -webkit-text-size-adjust: auto; -webkit-text-stroke-width: 0px;\" \/>\n<h3 style=\"color: #333333; font-family: Georgia, 'Times New Roman', 'Bitstream Charter', Times, serif; font-size: 13px; font-style: normal; font-variant: normal; font-weight: normal; letter-spacing: normal; line-height: 19px; orphans: 2; text-align: start; text-indent: 0px; text-transform: none; white-space: normal; widows: 2; word-spacing: 0px; -webkit-text-size-adjust: auto; -webkit-text-stroke-width: 0px;\">Mars 2001: <strong>\u00ab\u00a0Le seul r\u00e9seau \u00e9lectronique rentable, c&rsquo;est le Minitel.\u00a0\u00bb \u00a0<\/strong><br \/>\nMichel Puech r\u00e9pond aux questions de Jean-Christophe Camuset pour Internet-Actu TV<\/h3>\n<hr style=\"cursor: default; color: #333333; font-family: Georgia, 'Times New Roman', 'Bitstream Charter', Times, serif; font-size: 13px; font-style: normal; font-variant: normal; font-weight: normal; letter-spacing: normal; line-height: 19px; orphans: 2; text-align: start; text-indent: 0px; text-transform: none; white-space: normal; widows: 2; word-spacing: 0px; -webkit-text-size-adjust: auto; -webkit-text-stroke-width: 0px;\" \/>\n<h3 style=\"color: #333333; font-family: Georgia, 'Times New Roman', 'Bitstream Charter', Times, serif; font-size: 13px; font-style: normal; font-variant: normal; font-weight: normal; letter-spacing: normal; line-height: 19px; orphans: 2; text-align: start; text-indent: 0px; text-transform: none; white-space: normal; widows: 2; word-spacing: 0px; -webkit-text-size-adjust: auto; -webkit-text-stroke-width: 0px;\">F\u00e9vrier 2000:\u00a0<a href=\"http:\/\/puech.info\/michel\/blog\/2000\/02\/07\/internet-minitel-and-the-advent-of-the-hot-air-balloon\/\" target=\"_blank\" rel=\"noopener\"> <strong>Internet, Minitel and the Advent of the Hot Air Balloon\u00a0\u00a0<\/strong><br \/>\n<\/a> Un portrait de Jean Benoit Nadeau dans sa lettre de France pour\u00a0 ICWAletters<\/h3>\n<hr style=\"cursor: default; color: #333333; font-family: Georgia, 'Times New Roman', 'Bitstream Charter', Times, serif; font-size: 13px; font-style: normal; font-variant: normal; font-weight: normal; letter-spacing: normal; line-height: 19px; orphans: 2; text-align: start; text-indent: 0px; text-transform: none; white-space: normal; widows: 2; word-spacing: 0px; -webkit-text-size-adjust: auto; -webkit-text-stroke-width: 0px;\" \/>\n<h3 style=\"color: #333333; font-family: Georgia, 'Times New Roman', 'Bitstream Charter', Times, serif; font-size: 13px; font-style: normal; font-variant: normal; font-weight: normal; letter-spacing: normal; line-height: 19px; orphans: 2; text-align: start; text-indent: 0px; text-transform: none; white-space: normal; widows: 2; word-spacing: 0px; -webkit-text-size-adjust: auto; -webkit-text-stroke-width: 0px;\">D\u00e9cembre 1999: <strong><a href=\"http:\/\/puech.info\/michel\/blog\/1999\/12\/15\/la-toile-contre-les-maladies-rares\/\" target=\"_blank\" rel=\"noopener\">La Toile contre les maladies rares<\/a><br \/>\n<\/strong>Olivier Zilbertin raconte pour Le Monde, le soutien moral des groupes de discussions via l&rsquo;Internet.<\/h3>\n<hr style=\"cursor: default; color: #333333; font-family: Georgia, 'Times New Roman', 'Bitstream Charter', Times, serif; font-size: 13px; font-style: normal; font-variant: normal; font-weight: normal; letter-spacing: normal; line-height: 19px; orphans: 2; text-align: start; text-indent: 0px; text-transform: none; white-space: normal; widows: 2; word-spacing: 0px; -webkit-text-size-adjust: auto; -webkit-text-stroke-width: 0px;\" \/>\n<h3 style=\"color: #333333; font-family: Georgia, 'Times New Roman', 'Bitstream Charter', Times, serif; font-size: 13px; font-style: normal; font-variant: normal; font-weight: normal; letter-spacing: normal; line-height: 19px; orphans: 2; text-align: start; text-indent: 0px; text-transform: none; white-space: normal; widows: 2; word-spacing: 0px; -webkit-text-size-adjust: auto; -webkit-text-stroke-width: 0px;\">Janvier 1996: <strong><a href=\"http:\/\/puech.info\/michel\/blog\/1996\/01\/07\/internet-est-a-vous\/\" target=\"_blank\" rel=\"noopener\">Internet est \u00e0 vous<br \/>\n<\/a><\/strong>Sur le m\u00eame sujet du m\u00eame auteur dans un\u00a0 dossier\u00a0<strong>\u00a0<\/strong>Science et Vie Micro<br \/>\nnum\u00e9ro 134<\/h3>\n<hr style=\"cursor: default; color: #333333; font-family: Georgia, 'Times New Roman', 'Bitstream Charter', Times, serif; font-size: 13px; font-style: normal; font-variant: normal; font-weight: normal; letter-spacing: normal; line-height: 19px; orphans: 2; text-align: start; text-indent: 0px; text-transform: none; white-space: normal; widows: 2; word-spacing: 0px; -webkit-text-size-adjust: auto; -webkit-text-stroke-width: 0px;\" \/>\n<h3 style=\"color: #333333; font-family: Georgia, 'Times New Roman', 'Bitstream Charter', Times, serif; font-size: 13px; font-style: normal; font-variant: normal; font-weight: normal; letter-spacing: normal; line-height: 19px; orphans: 2; text-align: start; text-indent: 0px; text-transform: none; white-space: normal; widows: 2; word-spacing: 0px; -webkit-text-size-adjust: auto; -webkit-text-stroke-width: 0px;\">Novembre 1994: <a href=\"http:\/\/puech.info\/michel\/blog\/1994\/11\/01\/vivre-avec-une-retinite-pigmentaire\/\" target=\"_blank\" rel=\"noopener\"><strong>Vivre avec une r\u00e9tinite pigmentaire<\/strong><\/a><br \/>\nA un moment cl\u00e9, Marie-H\u00e9l\u00e8ne Faverger dresse un portrait de Michel Puech pour la\u00a0 Revue du Palais de la d\u00e9couverte<\/h3>\n<hr style=\"cursor: default; color: #333333; font-family: Georgia, 'Times New Roman', 'Bitstream Charter', Times, serif; font-size: 13px; font-style: normal; font-variant: normal; font-weight: normal; letter-spacing: normal; line-height: 19px; orphans: 2; text-align: start; text-indent: 0px; text-transform: none; white-space: normal; widows: 2; word-spacing: 0px; -webkit-text-size-adjust: auto; -webkit-text-stroke-width: 0px;\" \/>\n<p style=\"color: #333333; font-family: Georgia, 'Times New Roman', 'Bitstream Charter', Times, serif; font-size: 13px; font-style: normal; font-variant: normal; font-weight: normal; letter-spacing: normal; line-height: 19px; orphans: 2; text-align: start; text-indent: 0px; text-transform: none; white-space: normal; widows: 2; word-spacing: 0px; -webkit-text-size-adjust: auto; -webkit-text-stroke-width: 0px;\">octobre 1985: <strong>Jeunes loups<\/strong><br \/>\n&lt;&lt; En 1980, Michel Puech lance la Compagnie des reporters, tout en rachetant les archives de Viva&#8230;&gt;&gt; Michel Guerrin Le Monde<\/p>\n<p>&nbsp;<\/p>\n","protected":false},"excerpt":{"rendered":"<p>Mai 2018 : Mai 68 \u00e0 Beaussier : Apr\u00e8s la r\u00e9volution, la plage\u00a0in Le Seynois, journal de la Ville de La Seyne-sur-mer Septembre 2013: Nouvel \u00e9l\u00e9ment \u00e0 charge dans l&rsquo;affaire Corbis-Sygma\u00a0 in article de Claire Guillot \/ Le Monde Juin 2009: Le parcours d\u2019un photojournaliste\u00a0 malvoyant.\u00a0Profil de Michel Puech dans \u00ab\u00a0Le monde de la photo\u00a0\u00bb [&hellip;]<\/p>\n","protected":false},"author":1,"featured_media":0,"parent":0,"menu_order":8,"comment_status":"closed","ping_status":"closed","template":"template-full-width.php","meta":{"footnotes":""},"class_list":["post-14","page","type-page","status-publish","hentry"],"_links":{"self":[{"href":"http:\/\/puech.info\/michel\/blog\/wp-json\/wp\/v2\/pages\/14","targetHints":{"allow":["GET"]}}],"collection":[{"href":"http:\/\/puech.info\/michel\/blog\/wp-json\/wp\/v2\/pages"}],"about":[{"href":"http:\/\/puech.info\/michel\/blog\/wp-json\/wp\/v2\/types\/page"}],"author":[{"embeddable":true,"href":"http:\/\/puech.info\/michel\/blog\/wp-json\/wp\/v2\/users\/1"}],"replies":[{"embeddable":true,"href":"http:\/\/puech.info\/michel\/blog\/wp-json\/wp\/v2\/comments?post=14"}],"version-history":[{"count":13,"href":"http:\/\/puech.info\/michel\/blog\/wp-json\/wp\/v2\/pages\/14\/revisions"}],"predecessor-version":[{"id":706,"href":"http:\/\/puech.info\/michel\/blog\/wp-json\/wp\/v2\/pages\/14\/revisions\/706"}],"wp:attachment":[{"href":"http:\/\/puech.info\/michel\/blog\/wp-json\/wp\/v2\/media?parent=14"}],"curies":[{"name":"wp","href":"https:\/\/api.w.org\/{rel}","templated":true}]}}

<p>Mai 2018 : <a href="http://puech.info/michel/blog/2018/05/12/mai-68-a-beaussier-apres-la-revolution-la-plage/">Mai 68 à Beaussier : Après la révolution, la plage </a>in <a href="https://www.leseynois.fr/mai-68-a-beaussier-apres-la-revolution-la-plage-2/" target="_blank" rel="noopener">Le Seynois</a>, journal de la Ville de La Seyne-sur-mer</p>
<p style="color: #333333; font-family: Georgia, 'Times New Roman', 'Bitstream Charter', Times, serif; font-size: 13px; font-style: normal; font-variant: normal; font-weight: normal; letter-spacing: normal; line-height: 19px; orphans: 2; text-align: start; text-indent: 0px; text-transform: none; white-space: normal; widows: 2; word-spacing: 0px; -webkit-text-size-adjust: auto; -webkit-text-stroke-width: 0px;">Septembre 2013: <a href="http://puech.info/michel/blog/2013/10/29/nouvel-element-a-charges-dans-laffaire-sygma-corbis/"><strong>Nouvel élément à charge dans l&rsquo;affaire Corbis-Sygma  </strong></a>in article de Claire Guillot / Le Monde</p>
<hr style="cursor: default; color: #333333; font-family: Georgia, 'Times New Roman', 'Bitstream Charter', Times, serif; font-size: 13px; font-style: normal; font-variant: normal; font-weight: normal; letter-spacing: normal; line-height: 19px; orphans: 2; text-align: start; text-indent: 0px; text-transform: none; white-space: normal; widows: 2; word-spacing: 0px; -webkit-text-size-adjust: auto; -webkit-text-stroke-width: 0px;" />
<p style="color: #333333; font-family: Georgia, 'Times New Roman', 'Bitstream Charter', Times, serif; font-size: 13px; font-style: normal; font-variant: normal; font-weight: normal; letter-spacing: normal; line-height: 19px; orphans: 2; text-align: start; text-indent: 0px; text-transform: none; white-space: normal; widows: 2; word-spacing: 0px; -webkit-text-size-adjust: auto; -webkit-text-stroke-width: 0px;">Juin 2009: <a href="http://puech.info/michel/blog/2009/07/07/le-parcours-dun-photojournaliste-malvoyant/" target="_blank" rel="noopener"><strong>Le parcours d’un photojournaliste  malvoyant. </strong></a>Profil de Michel Puech dans « <a href="http://forum.nikonpassion.com/index.php?topic=19270.msg271731" target="_blank" rel="noopener">Le monde de la photo</a> » par Gilles Klein</p>
<p style="color: #333333; font-family: Georgia, 'Times New Roman', 'Bitstream Charter', Times, serif; font-size: 13px; font-style: normal; font-variant: normal; font-weight: normal; letter-spacing: normal; line-height: 19px; orphans: 2; text-align: start; text-indent: 0px; text-transform: none; white-space: normal; widows: 2; word-spacing: 0px; -webkit-text-size-adjust: auto; -webkit-text-stroke-width: 0px;">Juillet  2003: <strong>« <a href="http://puech.info/michel/blog/2003/07/07/lhomme-a-la-canne-jaune/" target="_blank" rel="noopener">L&rsquo;homme à la canne jaune</a>. »  </strong><br />
Michel Puech répond aux questions de Laura Barsetti du « Journal de l&rsquo;Ile de la Réunion » (JIR) a propos de son métier et de son handicap.</p>
<hr style="cursor: default; color: #333333; font-family: Georgia, 'Times New Roman', 'Bitstream Charter', Times, serif; font-size: 13px; font-style: normal; font-variant: normal; font-weight: normal; letter-spacing: normal; line-height: 19px; orphans: 2; text-align: start; text-indent: 0px; text-transform: none; white-space: normal; widows: 2; word-spacing: 0px; -webkit-text-size-adjust: auto; -webkit-text-stroke-width: 0px;" />
<h3 style="color: #333333; font-family: Georgia, 'Times New Roman', 'Bitstream Charter', Times, serif; font-size: 13px; font-style: normal; font-variant: normal; font-weight: normal; letter-spacing: normal; line-height: 19px; orphans: 2; text-align: start; text-indent: 0px; text-transform: none; white-space: normal; widows: 2; word-spacing: 0px; -webkit-text-size-adjust: auto; -webkit-text-stroke-width: 0px;">Mars 2001: <strong>« Le seul réseau électronique rentable, c&rsquo;est le Minitel. »  </strong><br />
Michel Puech répond aux questions de Jean-Christophe Camuset pour Internet-Actu TV</h3>
<hr style="cursor: default; color: #333333; font-family: Georgia, 'Times New Roman', 'Bitstream Charter', Times, serif; font-size: 13px; font-style: normal; font-variant: normal; font-weight: normal; letter-spacing: normal; line-height: 19px; orphans: 2; text-align: start; text-indent: 0px; text-transform: none; white-space: normal; widows: 2; word-spacing: 0px; -webkit-text-size-adjust: auto; -webkit-text-stroke-width: 0px;" />
<h3 style="color: #333333; font-family: Georgia, 'Times New Roman', 'Bitstream Charter', Times, serif; font-size: 13px; font-style: normal; font-variant: normal; font-weight: normal; letter-spacing: normal; line-height: 19px; orphans: 2; text-align: start; text-indent: 0px; text-transform: none; white-space: normal; widows: 2; word-spacing: 0px; -webkit-text-size-adjust: auto; -webkit-text-stroke-width: 0px;">Février 2000: <a href="http://puech.info/michel/blog/2000/02/07/internet-minitel-and-the-advent-of-the-hot-air-balloon/" target="_blank" rel="noopener"> <strong>Internet, Minitel and the Advent of the Hot Air Balloon  </strong><br />
</a> Un portrait de Jean Benoit Nadeau dans sa lettre de France pour  ICWAletters</h3>
<hr style="cursor: default; color: #333333; font-family: Georgia, 'Times New Roman', 'Bitstream Charter', Times, serif; font-size: 13px; font-style: normal; font-variant: normal; font-weight: normal; letter-spacing: normal; line-height: 19px; orphans: 2; text-align: start; text-indent: 0px; text-transform: none; white-space: normal; widows: 2; word-spacing: 0px; -webkit-text-size-adjust: auto; -webkit-text-stroke-width: 0px;" />
<h3 style="color: #333333; font-family: Georgia, 'Times New Roman', 'Bitstream Charter', Times, serif; font-size: 13px; font-style: normal; font-variant: normal; font-weight: normal; letter-spacing: normal; line-height: 19px; orphans: 2; text-align: start; text-indent: 0px; text-transform: none; white-space: normal; widows: 2; word-spacing: 0px; -webkit-text-size-adjust: auto; -webkit-text-stroke-width: 0px;">Décembre 1999: <strong><a href="http://puech.info/michel/blog/1999/12/15/la-toile-contre-les-maladies-rares/" target="_blank" rel="noopener">La Toile contre les maladies rares</a><br />
</strong>Olivier Zilbertin raconte pour Le Monde, le soutien moral des groupes de discussions via l&rsquo;Internet.</h3>
<hr style="cursor: default; color: #333333; font-family: Georgia, 'Times New Roman', 'Bitstream Charter', Times, serif; font-size: 13px; font-style: normal; font-variant: normal; font-weight: normal; letter-spacing: normal; line-height: 19px; orphans: 2; text-align: start; text-indent: 0px; text-transform: none; white-space: normal; widows: 2; word-spacing: 0px; -webkit-text-size-adjust: auto; -webkit-text-stroke-width: 0px;" />
<h3 style="color: #333333; font-family: Georgia, 'Times New Roman', 'Bitstream Charter', Times, serif; font-size: 13px; font-style: normal; font-variant: normal; font-weight: normal; letter-spacing: normal; line-height: 19px; orphans: 2; text-align: start; text-indent: 0px; text-transform: none; white-space: normal; widows: 2; word-spacing: 0px; -webkit-text-size-adjust: auto; -webkit-text-stroke-width: 0px;">Janvier 1996: <strong><a href="http://puech.info/michel/blog/1996/01/07/internet-est-a-vous/" target="_blank" rel="noopener">Internet est à vous<br />
</a></strong>Sur le même sujet du même auteur dans un  dossier <strong> </strong>Science et Vie Micro<br />
numéro 134</h3>
<hr style="cursor: default; color: #333333; font-family: Georgia, 'Times New Roman', 'Bitstream Charter', Times, serif; font-size: 13px; font-style: normal; font-variant: normal; font-weight: normal; letter-spacing: normal; line-height: 19px; orphans: 2; text-align: start; text-indent: 0px; text-transform: none; white-space: normal; widows: 2; word-spacing: 0px; -webkit-text-size-adjust: auto; -webkit-text-stroke-width: 0px;" />
<h3 style="color: #333333; font-family: Georgia, 'Times New Roman', 'Bitstream Charter', Times, serif; font-size: 13px; font-style: normal; font-variant: normal; font-weight: normal; letter-spacing: normal; line-height: 19px; orphans: 2; text-align: start; text-indent: 0px; text-transform: none; white-space: normal; widows: 2; word-spacing: 0px; -webkit-text-size-adjust: auto; -webkit-text-stroke-width: 0px;">Novembre 1994: <a href="http://puech.info/michel/blog/1994/11/01/vivre-avec-une-retinite-pigmentaire/" target="_blank" rel="noopener"><strong>Vivre avec une rétinite pigmentaire</strong></a><br />
A un moment clé, Marie-Hélène Faverger dresse un portrait de Michel Puech pour la  Revue du Palais de la découverte</h3>
<hr style="cursor: default; color: #333333; font-family: Georgia, 'Times New Roman', 'Bitstream Charter', Times, serif; font-size: 13px; font-style: normal; font-variant: normal; font-weight: normal; letter-spacing: normal; line-height: 19px; orphans: 2; text-align: start; text-indent: 0px; text-transform: none; white-space: normal; widows: 2; word-spacing: 0px; -webkit-text-size-adjust: auto; -webkit-text-stroke-width: 0px;" />
<p style="color: #333333; font-family: Georgia, 'Times New Roman', 'Bitstream Charter', Times, serif; font-size: 13px; font-style: normal; font-variant: normal; font-weight: normal; letter-spacing: normal; line-height: 19px; orphans: 2; text-align: start; text-indent: 0px; text-transform: none; white-space: normal; widows: 2; word-spacing: 0px; -webkit-text-size-adjust: auto; -webkit-text-stroke-width: 0px;">octobre 1985: <strong>Jeunes loups</strong><br />
&lt;&lt; En 1980, Michel Puech lance la Compagnie des reporters, tout en rachetant les archives de Viva&#8230;&gt;&gt; Michel Guerrin Le Monde</p>
<p>&nbsp;</p>

<p>Mai 2018 : Mai 68 à Beaussier : Après la révolution, la plage in Le Seynois, journal de la Ville de La Seyne-sur-mer Septembre 2013: Nouvel élément à charge dans l&rsquo;affaire Corbis-Sygma  in article de Claire Guillot / Le Monde Juin 2009: Le parcours d’un photojournaliste  malvoyant. Profil de Michel Puech dans « Le monde de la photo » [&hellip;]</p>
