{"id":239,"date":"2016-10-19T14:58:27","date_gmt":"2016-10-19T12:58:27","guid":{"rendered":"http:\/\/puech.info\/michel\/blog\/?page_id=239"},"modified":"2018-09-06T13:16:49","modified_gmt":"2018-09-06T11:16:49","slug":"combat","status":"publish","type":"page","link":"http:\/\/puech.info\/michel\/blog\/qui\/combat\/","title":{"rendered":"1970 &#8211; Combat, quotidien de la R\u00e9sistance \u00e0 la R\u00e9volution"},"content":{"rendered":"<p><a href=\"http:\/\/puech.info\/michel\/blog\/qui\/combat\/combat_ours\/\" rel=\"attachment wp-att-242\"><img loading=\"lazy\" decoding=\"async\" class=\"size-full wp-image-242 alignleft\" src=\"http:\/\/puech.info\/michel\/blog\/wp-content\/uploads\/2013\/11\/Combat_ours.jpg\" alt=\"Combat_ours\" width=\"373\" height=\"211\" \/><\/a>Combat (juin \u00e0 nov. 1970) Quotidien national<br \/>\nJournaliste stagiaire \u00e0 la rubrique sociale &#8211; R\u00e9dacteur-en-chef : Philippe Tesson<\/p>\n<p>&nbsp;<\/p>\n<p>\u00ab Pour les jeunes gens r\u00e9volt\u00e9s de la fin des ann\u00e9es 60, Combat est non seulement le journal d&rsquo;Albert Camus, le journal issu de la r\u00e9sistance au nazisme, et l&rsquo;un des organes de \u00ab\u00a0mai 68\u00a0\u00bb.<\/p>\n<p>En 1970, c&rsquo;est un journal ou l&rsquo;on peut lire les tribunes les plus iconoclastes : de Gabriel Matzneff \u00e0 Maurice Clavel, des royalistes aux maoistes le rez de chauss\u00e9e de la plage Une du quotidien abrite les opinions les plus vari\u00e9es.<\/p>\n<p>C&rsquo;est pour cette raison qu&rsquo;au moment de faire mon stage de fin d&rsquo;\u00e9cole de journalisme, j&rsquo;implorais Pierre Christin de m&rsquo;ouvrir cette possibilit\u00e9 en demandant \u00e0 Philippe Tesson de m&rsquo;accueillir au sein de la r\u00e9daction.<\/p>\n<p>Je fus accueilli\u00a0 comme journaliste stagiaire \u00e0 la rubrique sociale, cotoyant alors d&rsquo;autres jeunes gens comme Maurice Achard, Marie-Odile Fargier etc&#8230; Pigiste au tarif de 50 francs l&rsquo;article, quelque soit la longueur.<\/p>\n<p>Ma premi\u00e8re r\u00e9daction \u00e9tait un mythe, celui de la R\u00e9sistance et cela correspondait parfaitement \u00e0 cette apr\u00e8s-mai 68 qui allait durer quelques ann\u00e9es. \u00bb<\/p>\n<p><a href=\"http:\/\/puech.info\/michel\/blog\/qui\/combat\/combat_pige\/\" rel=\"attachment wp-att-241\"><img loading=\"lazy\" decoding=\"async\" class=\"wp-image-241 size-full alignleft\" src=\"http:\/\/puech.info\/michel\/blog\/wp-content\/uploads\/2013\/11\/Combat_pige.jpg\" alt=\"Combat_pige\" width=\"465\" height=\"385\" \/><\/a><\/p>\n<p>&nbsp;<\/p>\n<p>L\u00e9gende<\/p>\n<p>En 1970, avant la loi Cressart, Mr Smadja propri\u00e9taire du titre ne s&#8217;embarrassait pas avec les charges sociales.<br \/>\nC&rsquo;est le pigiste qui signait un re\u00e7u !<\/p>\n<p>Pour cette somme, j&rsquo;ai tenu la rubrique Social quotidienne en remplacement du titulaire. A l&rsquo;\u00e9poque le salaire minimum \u00e9tait sup\u00e9rieur a 1000 Francs&#8230;<\/p>\n<p>&nbsp;<\/p>\n","protected":false},"excerpt":{"rendered":"<p>Combat (juin \u00e0 nov. 1970) Quotidien national Journaliste stagiaire \u00e0 la rubrique sociale &#8211; R\u00e9dacteur-en-chef : Philippe Tesson &nbsp; \u00ab Pour les jeunes gens r\u00e9volt\u00e9s de la fin des ann\u00e9es 60, Combat est non seulement le journal d&rsquo;Albert Camus, le journal issu de la r\u00e9sistance au nazisme, et l&rsquo;un des organes de \u00ab\u00a0mai 68\u00a0\u00bb. En [&hellip;]<\/p>\n","protected":false},"author":2,"featured_media":0,"parent":2,"menu_order":0,"comment_status":"closed","ping_status":"closed","template":"","meta":{"footnotes":""},"class_list":["post-239","page","type-page","status-publish","hentry"],"_links":{"self":[{"href":"http:\/\/puech.info\/michel\/blog\/wp-json\/wp\/v2\/pages\/239","targetHints":{"allow":["GET"]}}],"collection":[{"href":"http:\/\/puech.info\/michel\/blog\/wp-json\/wp\/v2\/pages"}],"about":[{"href":"http:\/\/puech.info\/michel\/blog\/wp-json\/wp\/v2\/types\/page"}],"author":[{"embeddable":true,"href":"http:\/\/puech.info\/michel\/blog\/wp-json\/wp\/v2\/users\/2"}],"replies":[{"embeddable":true,"href":"http:\/\/puech.info\/michel\/blog\/wp-json\/wp\/v2\/comments?post=239"}],"version-history":[{"count":10,"href":"http:\/\/puech.info\/michel\/blog\/wp-json\/wp\/v2\/pages\/239\/revisions"}],"predecessor-version":[{"id":702,"href":"http:\/\/puech.info\/michel\/blog\/wp-json\/wp\/v2\/pages\/239\/revisions\/702"}],"up":[{"embeddable":true,"href":"http:\/\/puech.info\/michel\/blog\/wp-json\/wp\/v2\/pages\/2"}],"wp:attachment":[{"href":"http:\/\/puech.info\/michel\/blog\/wp-json\/wp\/v2\/media?parent=239"}],"curies":[{"name":"wp","href":"https:\/\/api.w.org\/{rel}","templated":true}]}}

1970 &#8211; Combat, quotidien de la Résistance à la Révolution

<p><a href="http://puech.info/michel/blog/qui/combat/combat_ours/" rel="attachment wp-att-242"><img loading="lazy" decoding="async" class="size-full wp-image-242 alignleft" src="http://puech.info/michel/blog/wp-content/uploads/2013/11/Combat_ours.jpg" alt="Combat_ours" width="373" height="211" /></a>Combat (juin à nov. 1970) Quotidien national<br />
Journaliste stagiaire à la rubrique sociale &#8211; Rédacteur-en-chef : Philippe Tesson</p>
<p>&nbsp;</p>
<p>« Pour les jeunes gens révoltés de la fin des années 60, Combat est non seulement le journal d&rsquo;Albert Camus, le journal issu de la résistance au nazisme, et l&rsquo;un des organes de « mai 68 ».</p>
<p>En 1970, c&rsquo;est un journal ou l&rsquo;on peut lire les tribunes les plus iconoclastes : de Gabriel Matzneff à Maurice Clavel, des royalistes aux maoistes le rez de chaussée de la plage Une du quotidien abrite les opinions les plus variées.</p>
<p>C&rsquo;est pour cette raison qu&rsquo;au moment de faire mon stage de fin d&rsquo;école de journalisme, j&rsquo;implorais Pierre Christin de m&rsquo;ouvrir cette possibilité en demandant à Philippe Tesson de m&rsquo;accueillir au sein de la rédaction.</p>
<p>Je fus accueilli  comme journaliste stagiaire à la rubrique sociale, cotoyant alors d&rsquo;autres jeunes gens comme Maurice Achard, Marie-Odile Fargier etc&#8230; Pigiste au tarif de 50 francs l&rsquo;article, quelque soit la longueur.</p>
<p>Ma première rédaction était un mythe, celui de la Résistance et cela correspondait parfaitement à cette après-mai 68 qui allait durer quelques années. »</p>
<p><a href="http://puech.info/michel/blog/qui/combat/combat_pige/" rel="attachment wp-att-241"><img loading="lazy" decoding="async" class="wp-image-241 size-full alignleft" src="http://puech.info/michel/blog/wp-content/uploads/2013/11/Combat_pige.jpg" alt="Combat_pige" width="465" height="385" /></a></p>
<p>&nbsp;</p>
<p>Légende</p>
<p>En 1970, avant la loi Cressart, Mr Smadja propriétaire du titre ne s&#8217;embarrassait pas avec les charges sociales.<br />
C&rsquo;est le pigiste qui signait un reçu !</p>
<p>Pour cette somme, j&rsquo;ai tenu la rubrique Social quotidienne en remplacement du titulaire. A l&rsquo;époque le salaire minimum était supérieur a 1000 Francs&#8230;</p>
<p>&nbsp;</p>

<p>Combat (juin à nov. 1970) Quotidien national Journaliste stagiaire à la rubrique sociale &#8211; Rédacteur-en-chef : Philippe Tesson &nbsp; « Pour les jeunes gens révoltés de la fin des années 60, Combat est non seulement le journal d&rsquo;Albert Camus, le journal issu de la résistance au nazisme, et l&rsquo;un des organes de « mai 68 ». En [&hellip;]</p>
